(-3 + (-13)/(-5)). Suppose 2*p - w - 528 = -3*w, 4*p - h*w = 1050. Let l = 379 - p. What is the hundreds digit of l?
1
Suppose -127 = -5*q + 3*s + 28, -4*s + 31 = q. Suppose -129 = -34*p + q*p. What is the units digit of p?
3
Suppose 7*t = -649 + 670. Suppose r + 3*r + 1204 = 3*o, 0 = -3*o - t*r + 1197. What is the units digit of o?
0
Suppose 12 + 20 = 32*f. Let p(b) = 449*b**3 - b**2 + 2*b - 3. What is the tens digit of p(f)?
4
Let c = 9 + -21. Suppose 20*f - 15*f - 3*s + 81 = 0, 3*s = f + 9. What is the hundreds digit of f/c*(-636)/(-9)?
1
Suppose 0 = 4*p - 10 - 2. Suppose 17 = -p*o + 20. Suppose -7*a - o = -8*a. What is the units digit of a?
1
Suppose -h - 2*h + 126 = 0. Let o be -85 + 86 - 329/(-1). Suppose -h + o = 3*c. What is the units digit of c?
6
Suppose 254*y - 291 = 253*y. Let h = -246 + y. What is the units digit of h?
5
Let x(q) = 68*q**2 + 14*q - 59. What is the thousands digit of x(5)?
1
Suppose -15*k + 104540 = 6*k - k. What is the thousands digit of k?
5
Let q = -158 - -163. Suppose q*j - 646 = 3*j - 4*b, -b - 1 = 0. What is the tens digit of j?
2
Suppose 2*a = -5*r - 5, -45*r + 41*r = -a - 9. What is the tens digit of -2*(5/((-50)/2885) + a)?
8
Let g = -60 + 62. Suppose -1 = g*z - 7. What is the tens digit of ((-5)/4)/(z/(-96))?
4
Suppose -14*o - 1470 = 574. What is the tens digit of o/(2*1/(-4))?
9
Let n(s) = -2*s**3 - 10*s**2 - 23*s - 15. Let l be n(-6). Suppose z - h - l = 0, 0 = -4*z + 5*h - 175 + 959. What is the units digit of z?
1
Let c(a) = a**3 + 36*a**2 + 101*a - 37. Let u be c(-33). Let r = 157 + u. What is the units digit of r?
4
Suppose -4*v + 4*n = 53 - 17, -4*n = -v + 6. Let m = v - 3. Let o = 35 + m. What is the units digit of o?
8
Suppose 0 = 26*c + 33*c - 313880. What is the units digit of c?
0
Let z = -11558 - -20460. What is the thousands digit of z?
8
Let i(c) = -c + 7 + 47*c**2 - 2 - 23*c**2 - 23*c**2. What is the hundreds digit of i(23)?
5
Let z(m) = m**3 + 7*m**2 - 5*m + 28. Let s be z(-8). Let u(f) = 2*f**3 - 7*f**2 + 4*f + 10. What is the tens digit of u(s)?
4
Let q(u) = 2328*u - 465. What is the thousands digit of q(5)?
1
Suppose -82*m = -78*m - 188. Suppose 54*t - 4445 = m*t. What is the units digit of t?
5
What is the units digit of 79 - 77 - -40*172/8?
2
Let x = 4949 - 3977. What is the hundreds digit of x?
9
Suppose 26*z - 45 = 21*z. Suppose -5 = -2*y + z. What is the tens digit of (21/14)/((21/248)/y)?
2
Suppose 0 = p + 219*f - 220*f - 11189, -11189 = -p + 5*f. What is the units digit of p?
9
Let w be 10*4/32*-4. What is the units digit of 6 + 61 + 0 + w?
2
Let m(i) = -6*i + 5. Let v be m(-1). Suppose 0 = -v*t + 3*t + 2008. What is the hundreds digit of t?
2
Suppose -6*p + 33319 - 4699 = 0. Suppose 0 = 5*s + 3*y - p + 976, -s + 5*y = -742. What is the units digit of s?
7
Let x(q) = -4*q**2 - 9*q + 22. Let n(b) = -3*b**2 - 9*b + 22. Let c(v) = -6*n(v) + 5*x(v). Let i be c(8). What is the units digit of 9/(-6)*i - 2?
5
Suppose -162*z + 61254 = 4*z. What is the hundreds digit of z?
3
Let d be 2 - ((-3 - 1) + 808/(-2)). Let f = d + 273. What is the tens digit of f?
8
Suppose 7*p + 228 = 1978. Suppose o = 259 + p. What is the hundreds digit of o?
5
Let m = -16224 - -23190. What is the tens digit of m?
6
Let h = -19 - -44. Let n(d) = -12*d - 4*d**2 - d**2 + 6*d**2 - 22 + h*d. What is the tens digit of n(-18)?
6
Let x = 276 - 296. What is the tens digit of (-1723)/(-23) + x/(-230)?
7
Let j(o) = 4*o**2 - 17*o + 8. Let x be j(4). Suppose -4*d + 5*t + 144 = -401, -x*d + 542 = -2*t. What is the tens digit of d?
3
Let c(b) = b**3 + 7*b**2 + 7*b + 14. Let t be c(-6). Suppose -9*z = -7*z - t. Suppose -5*w = -z*w - 67. What is the units digit of w?
7
Let b(t) = -4*t - 17. Let g be b(-6). Let v(q) = 5*q - 17. Let k be v(g). What is the units digit of (-145)/(-45) - 4/k?
3
Suppose 5*g = 5*q - 4*q + 69, 5*g + 59 = -q. Let t be (-442)/(-11) - (-2)/(-11). Let o = t - q. What is the tens digit of o?
0
Let i be (-1 + 4)*(47 + 0). Let f be (-220)/(-2) + 10/10. Suppose -108*b + f*b = i. What is the tens digit of b?
4
Let m(w) = -3 - 72*w + 67*w + 13*w**2 + 3. Let g be m(5). Suppose 6*x + 0*x - g = 0. What is the units digit of x?
0
Suppose 8*q - 10*q = 4*r - 4, -3*r = 12. Suppose -12*j + 3076 = -q*j. What is the units digit of j?
8
Let t = 11149 - 4766. What is the thousands digit of t?
6
Suppose j + 5*h - 3 = 0, -3*h + 3 = 3*j - 6. Let u be (-74)/(-259) - (-33)/7. Suppose -3*n = u*z - 94, -6*n + j*n + 134 = -5*z. What is the tens digit of n?
3
Suppose -5425 = -f - 2*z, 2*f - 10860 = -z + 2*z. What is the thousands digit of f?
5
Let w(d) = -d**3 - 5*d**2 + 8*d + 22. Let s be w(-6). Suppose s*x - 15*x = -2440. Suppose -3*g - g + x = 0. What is the hundreds digit of g?
1
Let h be (-8)/(2/((-4)/6) - -1). Let z be (-5)/(15/(-12)) - h/1. Suppose z = -2*t + 47 - 45. What is the units digit of t?
1
Let u = -1324 + 11672. What is the hundreds digit of u?
3
Let p = -62 + 77. Suppose 0 = -12*m + p*m + 123. Let w = m + 73. What is the tens digit of w?
3
Suppose 5*s = 5*x + 6013 + 2177, 6528 = 4*s + 4*x. What is the hundreds digit of s?
6
Suppose 10*p - 150 = 5*p. Suppose 0*v - 6*v = -p. Suppose -41 = -v*h + 594. What is the hundreds digit of h?
1
Let s be (-15)/6*3*(-4)/(-15). Let c(l) = 21*l**2 - 3*l - 4. Let f be c(s). Suppose -4*d + f + 118 = 0. What is the units digit of d?
1
Suppose -7*q - 10 = -12*q. Let i = q - -12. Let r = 62 - i. What is the units digit of r?
8
Let f(r) = 711*r**2 + 1385*r - 5554. What is the ten thousands digit of f(4)?
1
Let v(n) = -n**2 + 7*n - 10. Let z be v(5). Let y be (z/2)/(9 + -10). Suppose 3*x + 5*c - 98 = 107, y = 5*c + 5. What is the units digit of x?
0
Suppose 0 = -3*n - 2*r - 230, 4*r = -n + 5*r - 75. Let i = 88 + n. Let p = i - -57. What is the tens digit of p?
6
Suppose -30*v + 23*v + 14 = 0. Suppose -2*u + 3*g + 2*g = -738, -5*u + 1824 = -v*g. What is the hundreds digit of u?
3
Suppose -13873 = -k - 5*f, -175*k + 13897 = -174*k - 3*f. What is the units digit of k?
8
Let k = 35434 - 23645. What is the units digit of k?
9
Let o(t) = -t**3 - 48*t**2 - 82*t - 56. Let n be o(-47). Suppose 0 = -11*f + n + 886. What is the units digit of f?
5
Let m = 53 - 4. Let j = -40 + m. What is the tens digit of (345/9)/(3/j)?
1
Suppose -18*w = -46590 - 28686. Suppose 16*v - 1754 = w. What is the units digit of v?
1
Suppose -1150 = -4*o - o. What is the tens digit of (46/o)/(414/(-415) - -1)?
8
Suppose -32*x = 3*a - 29*x - 221064, -4*a + 294755 = 3*x. What is the hundreds digit of a?
6
Let f = -3609 - 1169. Let l be f/(-14) + (-32)/112. What is the units digit of 2/7 + l/7?
9
Suppose 4*q - 254 = -c, q - 3*c - 36 - 34 = 0. Let v(z) = -z**2 + 44*z - 417. Let g be v(29). Let l = q - g. What is the units digit of l?
6
Suppose -2*z - 11 = 3*k, -3*k - 8 = -0*z - z. Let d be (-36)/(-27)*k*53. What is the hundreds digit of (-6)/(-1)*d/(-12)?
1
Suppose 182*m + b = 183*m - 48476, -4*b = -5*m + 242389. What is the thousands digit of m?
8
Suppose -4*s = -5*r + 4867, 5*r + 2*s - 4881 = -s. Suppose 3*m - 5*u - 66 = 479, 5*u = -5*m + r. What is the tens digit of m?
9
Let p be (3/(-2))/(9/(-24)). Let a(m) = -4*m**3 + m**2 + 2*m. Let d be a(-1). Suppose 2*k - 5*b = 64, -p*k + 56 = d*b - 72. What is the tens digit of k?
3
Suppose 2*o = 19*q - 20*q + 4148, -6208 = -3*o - 5*q. Suppose 3*g = -3, -2*h - 3*g = 527 - o. What is the tens digit of h?
7
Suppose -w = -2*g - 61, 2*w + 130 = -3*g - 2*g. Let j = g - -32. Suppose -j*b + 26 = -6. What is the units digit of b?
8
Let i(m) = -m**3 + 8*m**2 - 5*m - 5. Let z be i(7). Suppose -2083 = -z*g + 2048. What is the hundreds digit of g?
4
Let d(s) = -62*s + 53. Let j(q) = 249*q - 213. Let u(w) = -9*d(w) - 2*j(w). What is the tens digit of u(11)?
0
Let c be (-13 + 20 + -10)/((-3)/3056). Suppose 20*f = 16*f + c. What is the tens digit of f?
6
Let a(x) = 2*x**2 + 4*x - 42. Let r be a(7). Let c(q) = -13*q + 8. Let b be c(7). Let y = b + r. What is the units digit of y?
1
Suppose 4777 = -27*c - 3026. Let p = 13 + -7. What is the units digit of c/(-4) - p/(-8)?
3
Let l(m) = -4*m**3 - 127*m**2 - 1378*m + 10. What is the units digit of l(-12)?
0
Let n = -186 - -302. Let v = n + -59. What is the units digit of v?
7
What is the hundreds digit of 229/(-458) + 14438/4?
6
Let p(a) = -52*a - 